3 and w.
33
Let u be 361/3 + 20/30. Suppose -3*t + 4*t - u = 0. Let d be -22*(3/2 + -2). What is the greatest common divisor of t and d?
11
Let f(v) = 3*v - 4*v**2 - 1 + 14*v**3 + v + 17*v**3 - 30*v**3. Suppose -2*m = -7*m + 20. Let c be f(m). What is the highest common divisor of c and 165?
15
Suppose -1 = m + z - 2, -z = 4*m - 13. Let c be m/14 + (-1588)/(-28). What is the greatest common divisor of 285 and c?
57
Let r(g) = g**3 + 13*g**2 + 20*g + 6. Let y be r(-11). Let p = 19 + 9. Calculate the highest common divisor of p and y.
28
Let p = 5 - 9. Let f(y) = y**2 - 8*y + 3. Let v be f(p). Calculate the greatest common divisor of v and 17.
17
Suppose -4*h - 5*n = -13, 4*h - 4*n = -8*n + 12. Calculate the highest common factor of 101 and h.
1
Suppose 7*v - 72 = -3*o + 3*v, 5*v + 24 = o. What is the greatest common divisor of o and 36?
12
Let k be 44824/234 + (-12)/(-27). Calculate the highest common factor of 6 and k.
6
Let b = 12 + -8. Suppose -3*m = -u - 6*m + 17, -5*m = -b*u + 17. Calculate the highest common divisor of u and 20.
4
Let s = 3006 + -2907. What is the highest common divisor of 162 and s?
9
Let s = 7 - 4. Let j = -62 - -56. Let h(o) = -3*o + 9. Let z be h(j). What is the greatest common factor of s and z?
3
Let g be 2/11 - (-1932)/22. Suppose 5*v + 107 = -g. Let b = 41 - v. Calculate the greatest common divisor of b and 20.
20
Let o = -8 + 33. Let w = 34 - o. Calculate the highest common divisor of w and 36.
9
Let d = -28 + 28. Suppose d*y = 3*y - 2*t - 71, -54 = -2*y + 3*t. What is the highest common factor of 14 and y?
7
Let s = 1126 + -502. What is the greatest common divisor of s and 96?
48
Let c(g) = 7*g**2 - 16*g + 10. Let f be c(8). Calculate the greatest common factor of f and 60.
30
Let n be 371/119 + (-2)/17. Suppose -6*g + 55 = -4*g + 3*t, n*g - 70 = -2*t. Let y = -4 + 12. Calculate the greatest common factor of y and g.
4
Suppose 0 = 5*i - 0*i + 2*u - 201, u = 3. Suppose 0 = 5*d - 41 - i. Suppose -216*l + 346*l - 16640 = 0. Calculate the greatest common divisor of d and l.
16
Suppose 0 = -0*a + 2*a + 168. Let v = 210 + a. Let r be (-282)/(-16) + 87/232. Calculate the greatest common divisor of r and v.
18
Let y be ((-23)/(-92))/(3/12) - -235. What is the greatest common divisor of 413 and y?
59
Let g(n) = -n**2 + 32*n - 7. Let l be g(27). Let i be (1/(-2))/((-2)/128). What is the greatest common factor of i and l?
32
Let n(m) be the first derivative of -m**4/4 - 14*m**3/3 - 3*m**2/2 + 13*m + 6. Let p be n(-15). Let r = 459 - p. What is the highest common divisor of r and 16?
16
Let v = -613 - -869. What is the highest common divisor of v and 352?
32
Suppose -1 - 14 = 5*d, 4*j - 7 = 5*d. Let m be (-3 - j)/3*-6. Calculate the highest common factor of 2 and m.
2
Suppose -5*f = 15, 18*d - 20*d - 5*f = -29. What is the highest common factor of d and 121?
11
Suppose v - 5*k + 136 - 488 = 0, 0 = -3*v - 2*k + 1022. Suppose 5*g - 840 = -5*b, 3*g - v = g + b. What is the greatest common divisor of 68 and g?
34
Let x = 645 - 633. Calculate the highest common divisor of x and 88.
4
Suppose 131*h + 260 = 135*h. What is the highest common factor of h and 221?
13
Let y be 40/4*55/2. Suppose 1287*h = 1201*h + 2150. What is the highest common divisor of h and y?
25
Let k(z) be the third derivative of 11*z**4/24 - 22*z**3/3 - 19*z**2. Let l be k(5). Calculate the greatest common divisor of 1 and l.
1
Suppose 5*q - 162 - 1663 = 0. What is the greatest common divisor of q and 803?
73
Suppose -9 = -3*b - g + 15, 5*b = -2*g + 39. What is the greatest common factor of 21 and b?
3
Let j be (4 - 12)/((16/18)/(-4)). Calculate the highest common divisor of j and 108.
36
Suppose 6 = s - 0*s. Let f(x) = 5*x - 7. Let n be f(6). Suppose -35 + n = -3*y. Calculate the greatest common factor of y and s.
2
Suppose -63 + 3 = 10*y. Let k be (-16)/y + ((-8)/12 - -1). What is the highest common factor of 27 and k?
3
Let p(w) = 3*w. Let t be p(1). Suppose 2*a + 3*d = 41, 4*a + t*d - 29 = 68. Let m(r) = 11*r + 80. Let z be m(-6). What is the highest common divisor of a and z?
14
Let a(u) = 8*u**2. Let l(q) = q + 1. Let p be l(-2). Let c be a(p). Calculate the greatest common divisor of c and 24.
8
Suppose 4*v = 5*p - 614, p + 112 = -2*v + 246. What is the greatest common factor of p and 945?
63
Suppose -5*y + 79 = -61. Suppose 2 = -w, c - 4*w - 31 = -w. Let o = c + -11. Calculate the greatest common divisor of o and y.
14
Suppose -2*l = -3 + 9. Let b be 1 + 5*-2 - l. Let f(x) = -x**3 - 4*x**2 + 2*x + 4. Let c be f(b). Calculate the greatest common divisor of 16 and c.
16
Let s(d) = 10*d**2 + 4*d + 2. Let m(z) = -11*z**2 - 3*z - 2. Let k(o) = 6*m(o) + 7*s(o). Let h be k(-3). What is the highest common divisor of h and 136?
8
Suppose 12*f = 2*f - 20. Let n be 46 + -3*f/3. Calculate the greatest common factor of n and 384.
48
Suppose 0 = -m + 218 - 29. What is the highest common factor of 54 and m?
27
Let q be 30*(0 + 3/(-6)). Let f = q + 20. Suppose f*y + 66 = 186. What is the highest common divisor of 16 and y?
8
Suppose 0 = -3*j - 2*j. Let r be 5 - (-3 + j + 4). Suppose 3*x - r*x + 8 = 0. Calculate the greatest common factor of 40 and x.
8
Suppose -22 = 2*q - 5*s - 85, 3*q = -2*s + 104. Suppose 8*d - 6*d = q. Suppose 2 = -b + d. Calculate the highest common divisor of 10 and b.
5
Let a be 372/(-24)*(-128)/4. What is the highest common divisor of 31 and a?
31
Suppose 163*h = 166*h - 2112. What is the greatest common factor of 11 and h?
11
Let z be (2/(20/(-294)))/((-9)/45). Calculate the highest common divisor of 98 and z.
49
Suppose 0 = -3*k + 218 + 118. Suppose 5*o = 25, -4*b - k = -7*b + o. Suppose -n + 95 = -100. Calculate the greatest common divisor of n and b.
39
Suppose 75*a - 78*a = -36. Suppose 0*s = s - 108. Calculate the greatest common divisor of a and s.
12
Suppose -5*a - 109 + 389 = 0. Calculate the highest common divisor of a and 8.
8
Let g(y) = -7*y - 11. Let d be g(-8). Let c(o) = o**3 - 9*o**2 - 15*o + 14. Let j be c(13). What is the greatest common factor of d and j?
45
Let c = -15 - -19. Let q(x) = c + 21*x + 12*x - 24*x. Let n be q(14). Calculate the greatest common factor of n and 26.
26
Let v be (-6)/(-4) + 23052/24. What is the greatest common divisor of 74 and v?
74
Let r(q) = 3*q**2 - 7*q - 147. Let i be r(15). What is the highest common factor of i and 3?
3
Let f = -39 + 38. Let p(u) = 0*u + 3*u - 4*u + 2*u**2. Let k be p(f). What is the highest common factor of 24 and k?
3
Suppose 53*y + 1162 - 4342 = 0. Calculate the greatest common divisor of 20 and y.
20
Let l be (-15)/20*16/(-6). Suppose 224 = -l*g + 9*g. What is the highest common divisor of g and 128?
32
Let l be (-735)/(-30) - ((-2)/(-4))/1. Suppose 0 = -4*k - 28 + 540. Suppose m = -3*d + 36, 2*m + 3*m + 2*d = k. Calculate the highest common factor of m and l.
24
Suppose 244*w - 241*w - 75 = 0. Calculate the greatest common divisor of w and 225.
25
Let o = -3 + 10. Let j = 11 - o. Suppose 0*h = -j*h + 288. What is the highest common factor of h and 8?
8
Suppose 20 = -12*n + 128. What is the highest common divisor of n and 225?
9
Let q = 92 - 89. Let w be ((-2)/(-5))/((-1)/(-5)). Suppose -q*g + w*g + 38 = 0. What is the greatest common divisor of g and 95?
19
Let h be ((-2)/(-8))/(1*(-1)/(-28)). Suppose 0 = 2*x - h*x + 55. What is the greatest common divisor of x and 66?
11
Suppose -4*j + 668 = s, 8*s - 4*s + 3*j = 2659. What is the greatest common factor of s and 83?
83
Suppose 131*o - 10 = 130*o. Calculate the highest common divisor of o and 1270.
10
Let h(i) = 2*i**2 - 3 - 3*i + i**2 + 0. Let k be h(4). What is the greatest common factor of k and 11?
11
Let m be 24/(-16)*88/3. Let i = m + 63. Suppose -3*f = -4*f + 190. Calculate the highest common factor of i and f.
19
Let l = 37 - 3. Suppose -5*p = -l - 36. Calculate the greatest common divisor of p and 182.
14
Let n = 1004 - 529. What is the highest common divisor of 19 and n?
19
Suppose 0 = 4*j + 4*g - 204, 3*g = 4*j + 2*g - 209. Calculate the greatest common factor of 16 and j.
4
Let t(g) = 5*g - 8. Let k be (-2)/(-1)*(11 - 9). Let s be t(k). Calculate the greatest common factor of s and 3.
3
Let i(s) be the second derivative of s**4/6 - s**3/2 + 7*s**2/2 - 6*s. Let g be i(5). Suppose -1 = -r + 20. What is the 